{"id":33,"date":"2020-12-08T04:14:02","date_gmt":"2020-12-08T04:14:02","guid":{"rendered":"https:\/\/gaviaspreview.com\/wp\/paroti\/?page_id=33"},"modified":"2025-04-16T00:54:28","modified_gmt":"2025-04-16T00:54:28","slug":"eventos","status":"publish","type":"page","link":"https:\/\/ntservicios.com\/raices\/index.php\/eventos\/","title":{"rendered":"Events Page"},"content":{"rendered":"\t\t<div data-elementor-type=\"wp-page\" data-elementor-id=\"33\" class=\"elementor elementor-33\">\n\t\t\t\t\t\t<section class=\"elementor-section elementor-top-section elementor-element elementor-element-138462e elementor-section-boxed elementor-section-height-default elementor-section-height-default\" data-id=\"138462e\" data-element_type=\"section\" data-e-type=\"section\" data-settings=\"{&quot;background_background&quot;:&quot;slideshow&quot;,&quot;background_slideshow_gallery&quot;:[{&quot;id&quot;:1203,&quot;url&quot;:&quot;https:\\\/\\\/gaviaspreview.com\\\/wp\\\/paroti\\\/wp-content\\\/uploads\\\/2021\\\/12\\\/bg-9.jpg&quot;},{&quot;id&quot;:1008,&quot;url&quot;:&quot;https:\\\/\\\/gaviaspreview.com\\\/wp\\\/paroti\\\/wp-content\\\/uploads\\\/2021\\\/10\\\/breadcrumb.jpg&quot;}],&quot;background_slideshow_ken_burns&quot;:&quot;yes&quot;,&quot;background_slideshow_loop&quot;:&quot;yes&quot;,&quot;background_slideshow_slide_duration&quot;:5000,&quot;background_slideshow_slide_transition&quot;:&quot;fade&quot;,&quot;background_slideshow_transition_duration&quot;:500,&quot;background_slideshow_ken_burns_zoom_direction&quot;:&quot;in&quot;}\">\n\t\t\t\t\t\t<div class=\"elementor-container elementor-column-gap-default\">\n\t\t\t\t\t<div class=\"elementor-column elementor-col-100 elementor-top-column elementor-element elementor-element-4c07d09\" data-id=\"4c07d09\" data-element_type=\"column\" data-e-type=\"column\">\n\t\t\t<div class=\"elementor-widget-wrap elementor-element-populated\">\n\t\t\t\t\t\t<div class=\"elementor-element elementor-element-7fe2c64 elementor-widget elementor-widget-gva-heading-block\" data-id=\"7fe2c64\" data-element_type=\"widget\" data-e-type=\"widget\" data-widget_type=\"gva-heading-block.default\">\n\t\t\t\t<div class=\"elementor-widget-container\">\n\t\t\t\t\t<div class=\"gva-element-gva-heading-block gva-element\">   <div class=\"align-left style-1 widget gsc-heading box-align-left auto-responsive\">\r\n      <div class=\"content-inner\">\r\n         \r\n                  \r\n           \r\n         \r\n                     <h2 class=\"title\">\r\n               <span>Eventos<\/span>\r\n            <\/h2>\r\n                  \r\n                     <div class=\"title-desc\">Cada evento es una oportunidad para sumar, conectar y transformar.<\/div>\r\n         \r\n         \r\n      <\/div>\r\n   <\/div>\r\n<\/div>\t\t\t\t<\/div>\n\t\t\t\t<\/div>\n\t\t\t\t\t<\/div>\n\t\t<\/div>\n\t\t\t\t\t<\/div>\n\t\t<\/section>\n\t\t\t\t<section class=\"elementor-section elementor-top-section elementor-element elementor-element-5ed2840 elementor-section-boxed elementor-section-height-default elementor-section-height-default\" data-id=\"5ed2840\" data-element_type=\"section\" data-e-type=\"section\">\n\t\t\t\t\t\t<div class=\"elementor-container elementor-column-gap-default\">\n\t\t\t\t\t<div class=\"elementor-column elementor-col-100 elementor-top-column elementor-element elementor-element-cb23c14\" data-id=\"cb23c14\" data-element_type=\"column\" data-e-type=\"column\">\n\t\t\t<div class=\"elementor-widget-wrap elementor-element-populated\">\n\t\t\t\t\t\t<div class=\"elementor-element elementor-element-845bbdc animated-fast elementor-invisible elementor-widget elementor-widget-gva-heading-block\" data-id=\"845bbdc\" data-element_type=\"widget\" data-e-type=\"widget\" data-settings=\"{&quot;_animation&quot;:&quot;fadeInUp&quot;}\" data-widget_type=\"gva-heading-block.default\">\n\t\t\t\t<div class=\"elementor-widget-container\">\n\t\t\t\t\t<div class=\"gva-element-gva-heading-block gva-element\">   <div class=\"align-center style-1 widget gsc-heading box-align-center auto-responsive\">\r\n      <div class=\"content-inner\">\r\n         \r\n                  \r\n         <div class=\"sub-title\"><span class=\"tagline\">Participamos en cada causa con<\/span><\/div>  \r\n         \r\n                     <h2 class=\"title\">\r\n               <span>Diversos Eventos<\/span>\r\n            <\/h2>\r\n                  \r\n         \r\n         \r\n      <\/div>\r\n   <\/div>\r\n<\/div>\t\t\t\t<\/div>\n\t\t\t\t<\/div>\n\t\t\t\t<div class=\"elementor-element elementor-element-e89c1af elementor-widget elementor-widget-gva-events\" data-id=\"e89c1af\" data-element_type=\"widget\" data-e-type=\"widget\" data-widget_type=\"gva-events.default\">\n\t\t\t\t<div class=\"elementor-widget-container\">\n\t\t\t\t\t<div class=\"gva-element-gva-events gva-element\">  \r\n  \t<div class=\"gva-give-form-grid clearfix grid-w6qa\">\r\n\t\t<div class=\"gva-content-items\"> \r\n\t\t  \t<div class=\"lg-block-grid-3 md-block-grid-3 sm-block-grid-2 xs-block-grid-1 xx-block-grid-1\">\r\n\t\t\t\t<div class=\"item-columns\">\n<div class=\"tribe-event-block clearfix\">\n\t\n\t<div class=\"block-content\">\n\t\t<div class=\"tribe-events-event-image\"><a href=\"https:\/\/ntservicios.com\/raices\/index.php\/event\/hospital-general\/\" tabindex=\"-1\"><img fetchpriority=\"high\" decoding=\"async\" width=\"600\" height=\"540\" src=\"https:\/\/ntservicios.com\/raices\/wp-content\/uploads\/2024\/09\/20250106_222908000_iOS-1-600x540.jpg\" class=\"attachment-medium size-medium wp-post-image\" alt=\"\" \/><\/a><\/div>\t\t\n\t\t<div class=\"tribe-event-content\">\n\t\t\t<div class=\"tribe-start-date\">\n\t\t\t\t13\t\t\t\tSep\t\t\t<\/div>\n\t\t\t<div class=\"tribe-events-event-meta\">\n\t\t\t\t<span class=\"tribe-event-schedule-details\">\n\t\t\t\t\t<span class=\"icon\"><i class=\"far fa-clock\"><\/i><\/span>13 Sep, 2024\t\t\t\t<\/span>\n\t\t\t<\/div>\n\t\t\t<h3 class=\"tribe-events-list-event-title event-title\">\n\t\t\t\tReforestaci\u00f3n del Hospital General\t\t\t<\/h3>\n\t\t<\/div>\n\t<\/div>\n\t<a class=\"tribe-event-url\" href=\"https:\/\/ntservicios.com\/raices\/index.php\/event\/hospital-general\/\"><\/a>\n\n<\/div><\/div><div class=\"item-columns\">\n<div class=\"tribe-event-block clearfix\">\n\t\n\t<div class=\"block-content\">\n\t\t<div class=\"tribe-events-event-image\"><a href=\"https:\/\/ntservicios.com\/raices\/index.php\/event\/victorense\/\" tabindex=\"-1\"><img decoding=\"async\" width=\"600\" height=\"540\" src=\"https:\/\/ntservicios.com\/raices\/wp-content\/uploads\/2021\/03\/20250412_205153000_iOS-600x540.jpg\" class=\"attachment-medium size-medium wp-post-image\" alt=\"\" \/><\/a><\/div>\t\t\n\t\t<div class=\"tribe-event-content\">\n\t\t\t<div class=\"tribe-start-date\">\n\t\t\t\t16\t\t\t\tNov\t\t\t<\/div>\n\t\t\t<div class=\"tribe-events-event-meta\">\n\t\t\t\t<span class=\"tribe-event-schedule-details\">\n\t\t\t\t\t<span class=\"icon\"><i class=\"far fa-clock\"><\/i><\/span>16 Nov, 2024\t\t\t\t<\/span>\n\t\t\t<\/div>\n\t\t\t<h3 class=\"tribe-events-list-event-title event-title\">\n\t\t\t\tVictorense reconocida por la ONU\t\t\t<\/h3>\n\t\t<\/div>\n\t<\/div>\n\t<a class=\"tribe-event-url\" href=\"https:\/\/ntservicios.com\/raices\/index.php\/event\/victorense\/\"><\/a>\n\n<\/div><\/div><div class=\"item-columns\">\n<div class=\"tribe-event-block clearfix\">\n\t\n\t<div class=\"block-content\">\n\t\t<div class=\"tribe-events-event-image\"><a href=\"https:\/\/ntservicios.com\/raices\/index.php\/event\/ministra\/\" tabindex=\"-1\"><img decoding=\"async\" width=\"600\" height=\"540\" src=\"https:\/\/ntservicios.com\/raices\/wp-content\/uploads\/2021\/03\/20250412_193427000_iOS-600x540.jpg\" class=\"attachment-medium size-medium wp-post-image\" alt=\"\" \/><\/a><\/div>\t\t\n\t\t<div class=\"tribe-event-content\">\n\t\t\t<div class=\"tribe-start-date\">\n\t\t\t\t15\t\t\t\tDic\t\t\t<\/div>\n\t\t\t<div class=\"tribe-events-event-meta\">\n\t\t\t\t<span class=\"tribe-event-schedule-details\">\n\t\t\t\t\t<span class=\"icon\"><i class=\"far fa-clock\"><\/i><\/span>15 Dic, 2024\t\t\t\t<\/span>\n\t\t\t<\/div>\n\t\t\t<h3 class=\"tribe-events-list-event-title event-title\">\n\t\t\t\tRa\u00edces de Transformaci\u00f3n anfitri\u00f3n de evento de la ministra\t\t\t<\/h3>\n\t\t<\/div>\n\t<\/div>\n\t<a class=\"tribe-event-url\" href=\"https:\/\/ntservicios.com\/raices\/index.php\/event\/ministra\/\"><\/a>\n\n<\/div><\/div><div class=\"item-columns\">\n<div class=\"tribe-event-block clearfix\">\n\t\n\t<div class=\"block-content\">\n\t\t<div class=\"tribe-events-event-image\"><a href=\"https:\/\/ntservicios.com\/raices\/index.php\/event\/colecta-juguetes-hospital\/\" tabindex=\"-1\"><img loading=\"lazy\" decoding=\"async\" width=\"600\" height=\"540\" src=\"https:\/\/ntservicios.com\/raices\/wp-content\/uploads\/2021\/03\/20250412_195918000_iOS-600x540.jpg\" class=\"attachment-medium size-medium wp-post-image\" alt=\"\" \/><\/a><\/div>\t\t\n\t\t<div class=\"tribe-event-content\">\n\t\t\t<div class=\"tribe-start-date\">\n\t\t\t\t16\t\t\t\tDic\t\t\t<\/div>\n\t\t\t<div class=\"tribe-events-event-meta\">\n\t\t\t\t<span class=\"tribe-event-schedule-details\">\n\t\t\t\t\t<span class=\"icon\"><i class=\"far fa-clock\"><\/i><\/span>16 Dic, 2024\t\t\t\t<\/span>\n\t\t\t<\/div>\n\t\t\t<h3 class=\"tribe-events-list-event-title event-title\">\n\t\t\t\tColecta de juguetes para el hospital infantil\t\t\t<\/h3>\n\t\t<\/div>\n\t<\/div>\n\t<a class=\"tribe-event-url\" href=\"https:\/\/ntservicios.com\/raices\/index.php\/event\/colecta-juguetes-hospital\/\"><\/a>\n\n<\/div><\/div><div class=\"item-columns\">\n<div class=\"tribe-event-block clearfix\">\n\t\n\t<div class=\"block-content\">\n\t\t<div class=\"tribe-events-event-image\"><a href=\"https:\/\/ntservicios.com\/raices\/index.php\/event\/fundraising-at-schools\/\" tabindex=\"-1\"><img loading=\"lazy\" decoding=\"async\" width=\"600\" height=\"540\" src=\"https:\/\/ntservicios.com\/raices\/wp-content\/uploads\/2021\/03\/20250412_194850000_iOS-600x540.jpg\" class=\"attachment-medium size-medium wp-post-image\" alt=\"\" \/><\/a><\/div>\t\t\n\t\t<div class=\"tribe-event-content\">\n\t\t\t<div class=\"tribe-start-date\">\n\t\t\t\t17\t\t\t\tDic\t\t\t<\/div>\n\t\t\t<div class=\"tribe-events-event-meta\">\n\t\t\t\t<span class=\"tribe-event-schedule-details\">\n\t\t\t\t\t<span class=\"icon\"><i class=\"far fa-clock\"><\/i><\/span>17 Dic, 2024\t\t\t\t<\/span>\n\t\t\t<\/div>\n\t\t\t<h3 class=\"tribe-events-list-event-title event-title\">\n\t\t\t\tAlegr\u00eda al CAM Tamaulipeca\t\t\t<\/h3>\n\t\t<\/div>\n\t<\/div>\n\t<a class=\"tribe-event-url\" href=\"https:\/\/ntservicios.com\/raices\/index.php\/event\/fundraising-at-schools\/\"><\/a>\n\n<\/div><\/div><div class=\"item-columns\">\n<div class=\"tribe-event-block clearfix\">\n\t\n\t<div class=\"block-content\">\n\t\t<div class=\"tribe-events-event-image\"><a href=\"https:\/\/ntservicios.com\/raices\/index.php\/event\/croqueton-lomitos\/\" tabindex=\"-1\"><img loading=\"lazy\" decoding=\"async\" width=\"600\" height=\"540\" src=\"https:\/\/ntservicios.com\/raices\/wp-content\/uploads\/2021\/03\/20250412_200317000_iOS-600x540.jpg\" class=\"attachment-medium size-medium wp-post-image\" alt=\"\" \/><\/a><\/div>\t\t\n\t\t<div class=\"tribe-event-content\">\n\t\t\t<div class=\"tribe-start-date\">\n\t\t\t\t30\t\t\t\tEne\t\t\t<\/div>\n\t\t\t<div class=\"tribe-events-event-meta\">\n\t\t\t\t<span class=\"tribe-event-schedule-details\">\n\t\t\t\t\t<span class=\"icon\"><i class=\"far fa-clock\"><\/i><\/span>30 Ene, 2025\t\t\t\t<\/span>\n\t\t\t<\/div>\n\t\t\t<h3 class=\"tribe-events-list-event-title event-title\">\n\t\t\t\tAlimento a lomitos vulnerables\t\t\t<\/h3>\n\t\t<\/div>\n\t<\/div>\n\t<a class=\"tribe-event-url\" href=\"https:\/\/ntservicios.com\/raices\/index.php\/event\/croqueton-lomitos\/\"><\/a>\n\n<\/div><\/div>\t\t  \t<\/div>\r\n\t\t<\/div>\r\n        \t<\/div>\r\n\r\n<\/div>\t\t\t\t<\/div>\n\t\t\t\t<\/div>\n\t\t\t\t\t<\/div>\n\t\t<\/div>\n\t\t\t\t\t<\/div>\n\t\t<\/section>\n\t\t\t\t<section class=\"elementor-section elementor-top-section elementor-element elementor-element-cebe596 elementor-section-boxed elementor-section-height-default elementor-section-height-default\" data-id=\"cebe596\" data-element_type=\"section\" data-e-type=\"section\">\n\t\t\t\t\t\t<div class=\"elementor-container elementor-column-gap-default\">\n\t\t\t\t\t<div class=\"elementor-column elementor-col-33 elementor-top-column elementor-element elementor-element-01db991\" data-id=\"01db991\" data-element_type=\"column\" data-e-type=\"column\" data-settings=\"{&quot;background_background&quot;:&quot;classic&quot;}\">\n\t\t\t<div class=\"elementor-widget-wrap elementor-element-populated\">\n\t\t\t\t\t\t<div class=\"elementor-element elementor-element-18d5b7a elementor-view-default elementor-widget elementor-widget-icon\" data-id=\"18d5b7a\" data-element_type=\"widget\" data-e-type=\"widget\" data-widget_type=\"icon.default\">\n\t\t\t\t<div class=\"elementor-widget-container\">\n\t\t\t\t\t\t\t<div class=\"elementor-icon-wrapper\">\n\t\t\t<div class=\"elementor-icon\">\n\t\t\t<i aria-hidden=\"true\" class=\" paicon-peace-1\"><\/i>\t\t\t<\/div>\n\t\t<\/div>\n\t\t\t\t\t\t<\/div>\n\t\t\t\t<\/div>\n\t\t\t\t\t<\/div>\n\t\t<\/div>\n\t\t\t\t<div class=\"elementor-column elementor-col-66 elementor-top-column elementor-element elementor-element-0265043\" data-id=\"0265043\" data-element_type=\"column\" data-e-type=\"column\" data-settings=\"{&quot;background_background&quot;:&quot;classic&quot;}\">\n\t\t\t<div class=\"elementor-widget-wrap elementor-element-populated\">\n\t\t\t\t\t<div class=\"elementor-background-overlay\"><\/div>\n\t\t\t\t\t\t<div class=\"elementor-element elementor-element-22b0987 elementor-widget__width-initial elementor-widget elementor-widget-heading\" data-id=\"22b0987\" data-element_type=\"widget\" data-e-type=\"widget\" data-widget_type=\"heading.default\">\n\t\t\t\t<div class=\"elementor-widget-container\">\n\t\t\t\t\t<h2 class=\"elementor-heading-title elementor-size-default\">Hagamos una diferencia en la vida de los dem\u00e1s.<\/h2>\t\t\t\t<\/div>\n\t\t\t\t<\/div>\n\t\t\t\t<div class=\"elementor-element elementor-element-79a816b elementor-widget__width-auto elementor-widget elementor-widget-html\" data-id=\"79a816b\" data-element_type=\"widget\" data-e-type=\"widget\" data-widget_type=\"html.default\">\n\t\t\t\t<div class=\"elementor-widget-container\">\n\t\t\t\t\t<a class=\"btn-theme\" href=\"#\">\u00a1Empieza Ahora!<\/a>\t\t\t\t<\/div>\n\t\t\t\t<\/div>\n\t\t\t\t\t<\/div>\n\t\t<\/div>\n\t\t\t\t\t<\/div>\n\t\t<\/section>\n\t\t\t\t<\/div>\n\t\t","protected":false},"excerpt":{"rendered":"<p>Eventos Cada evento es una oportunidad para sumar, conectar y transformar. Participamos en cada causa con Diversos Eventos 09 Dic 9 Dic, 2022 @ 8:00 am Play for the world [&hellip;]<\/p>\n","protected":false},"author":2,"featured_media":0,"parent":0,"menu_order":0,"comment_status":"closed","ping_status":"closed","template":"","meta":{"give_campaign_id":0,"footnotes":""},"class_list":["post-33","page","type-page","status-publish","hentry","cat_raices"],"campaignId":"","_links":{"self":[{"href":"https:\/\/ntservicios.com\/raices\/index.php\/wp-json\/wp\/v2\/pages\/33","targetHints":{"allow":["GET"]}}],"collection":[{"href":"https:\/\/ntservicios.com\/raices\/index.php\/wp-json\/wp\/v2\/pages"}],"about":[{"href":"https:\/\/ntservicios.com\/raices\/index.php\/wp-json\/wp\/v2\/types\/page"}],"author":[{"embeddable":true,"href":"https:\/\/ntservicios.com\/raices\/index.php\/wp-json\/wp\/v2\/users\/2"}],"replies":[{"embeddable":true,"href":"https:\/\/ntservicios.com\/raices\/index.php\/wp-json\/wp\/v2\/comments?post=33"}],"version-history":[{"count":4,"href":"https:\/\/ntservicios.com\/raices\/index.php\/wp-json\/wp\/v2\/pages\/33\/revisions"}],"predecessor-version":[{"id":1907,"href":"https:\/\/ntservicios.com\/raices\/index.php\/wp-json\/wp\/v2\/pages\/33\/revisions\/1907"}],"wp:attachment":[{"href":"https:\/\/ntservicios.com\/raices\/index.php\/wp-json\/wp\/v2\/media?parent=33"}],"curies":[{"name":"wp","href":"https:\/\/api.w.org\/{rel}","templated":true}]}}