{"id":1284,"date":"2022-01-11T02:22:52","date_gmt":"2022-01-11T02:22:52","guid":{"rendered":"https:\/\/gaviaspreview.com\/wp\/paroti\/?page_id=1284"},"modified":"2025-04-15T23:46:19","modified_gmt":"2025-04-15T23:46:19","slug":"donaciones","status":"publish","type":"page","link":"https:\/\/ntservicios.com\/raices\/index.php\/donaciones\/","title":{"rendered":"Haz una donaci\u00f3n \ud83d\udc9a"},"content":{"rendered":"\t\t<div data-elementor-type=\"wp-page\" data-elementor-id=\"1284\" class=\"elementor elementor-1284\">\n\t\t\t\t\t\t<section class=\"elementor-section elementor-top-section elementor-element elementor-element-80ce1b9 elementor-section-boxed elementor-section-height-default elementor-section-height-default\" data-id=\"80ce1b9\" data-element_type=\"section\" data-e-type=\"section\">\n\t\t\t\t\t\t<div class=\"elementor-container elementor-column-gap-default\">\n\t\t\t\t\t<div class=\"elementor-column elementor-col-100 elementor-top-column elementor-element elementor-element-d7c2655\" data-id=\"d7c2655\" data-element_type=\"column\" data-e-type=\"column\">\n\t\t\t<div class=\"elementor-widget-wrap\">\n\t\t\t\t\t\t\t<\/div>\n\t\t<\/div>\n\t\t\t\t\t<\/div>\n\t\t<\/section>\n\t\t\t\t<section class=\"elementor-section elementor-top-section elementor-element elementor-element-aa8f17c elementor-section-boxed elementor-section-height-default elementor-section-height-default\" data-id=\"aa8f17c\" data-element_type=\"section\" data-e-type=\"section\">\n\t\t\t\t\t\t<div class=\"elementor-container elementor-column-gap-default\">\n\t\t\t\t\t<div class=\"elementor-column elementor-col-100 elementor-top-column elementor-element elementor-element-69e950c\" data-id=\"69e950c\" data-element_type=\"column\" data-e-type=\"column\">\n\t\t\t<div class=\"elementor-widget-wrap elementor-element-populated\">\n\t\t\t\t\t\t<div class=\"elementor-element elementor-element-0eb1654 elementor-widget elementor-widget-gva-heading-block\" data-id=\"0eb1654\" data-element_type=\"widget\" data-e-type=\"widget\" data-widget_type=\"gva-heading-block.default\">\n\t\t\t\t<div class=\"elementor-widget-container\">\n\t\t\t\t\t<div class=\"gva-element-gva-heading-block gva-element\">   <div class=\"align-center style-1 widget gsc-heading box-align-center auto-responsive\">\r\n      <div class=\"content-inner\">\r\n         \r\n                  \r\n         <div class=\"sub-title\"><span class=\"tagline\">Tu ayuda transforma vidas<\/span><\/div>  \r\n         \r\n                     <h2 class=\"title\">\r\n               <span>Con tu donaci\u00f3n, llevamos esperanza donde m\u00e1s se necesita.<\/span>\r\n            <\/h2>\r\n                  \r\n         \r\n         \r\n      <\/div>\r\n   <\/div>\r\n<\/div>\t\t\t\t<\/div>\n\t\t\t\t<\/div>\n\t\t\t\t<div class=\"elementor-element elementor-element-4dd839a elementor-widget elementor-widget-text-editor\" data-id=\"4dd839a\" data-element_type=\"widget\" data-e-type=\"widget\" data-widget_type=\"text-editor.default\">\n\t\t\t\t<div class=\"elementor-widget-container\">\n\t\t\t\t\t\t\t\t\t<p class=\"\" style=\"text-align: justify;\" data-start=\"180\" data-end=\"486\">Tu donaci\u00f3n es m\u00e1s que un aporte econ\u00f3mico: es un acto de amor que cambia vidas. Cada peso que entregas se convierte en alimento, abrigo, salud, educaci\u00f3n y esperanza para quienes enfrentan situaciones dif\u00edciles. Detr\u00e1s de cada cifra hay rostros, historias y sue\u00f1os que gracias a ti pueden seguir adelante.<\/p><p class=\"\" style=\"text-align: justify;\" data-start=\"488\" data-end=\"821\">En nuestra asociaci\u00f3n, creemos en la fuerza de la solidaridad y la generosidad. Por eso, trabajamos con transparencia y compromiso para asegurarnos de que cada recurso llegue donde realmente se necesita. Tu ayuda llega directo al coraz\u00f3n de nuestras causas y proyectos, impactando de manera real a personas y comunidades vulnerables.<\/p><p class=\"\" style=\"text-align: justify;\" data-start=\"823\" data-end=\"1039\">No importa el monto, lo que importa es la intenci\u00f3n con la que das. Puedes hacer una donaci\u00f3n \u00fanica o convertirte en donador recurrente y formar parte de una red de apoyo constante que transforma vidas d\u00eda con d\u00eda.<\/p><p class=\"\" style=\"text-align: center;\" data-start=\"1041\" data-end=\"1202\"><strong data-start=\"1041\" data-end=\"1105\">Haz tu donaci\u00f3n hoy y convi\u00e9rtete en un puente de esperanza.<\/strong><br data-start=\"1105\" data-end=\"1108\" \/>Porque cuando das desde el coraz\u00f3n, no solo ayudas\u2026 tambi\u00e9n te conviertes en parte del cambio.<\/p>\t\t\t\t\t\t\t\t<\/div>\n\t\t\t\t<\/div>\n\t\t\t\t\t<\/div>\n\t\t<\/div>\n\t\t\t\t\t<\/div>\n\t\t<\/section>\n\t\t\t\t<section class=\"elementor-section elementor-top-section elementor-element elementor-element-6c339c2 elementor-section-boxed elementor-section-height-default elementor-section-height-default\" data-id=\"6c339c2\" data-element_type=\"section\" data-e-type=\"section\" data-settings=\"{&quot;background_background&quot;:&quot;classic&quot;}\">\n\t\t\t\t\t\t<div class=\"elementor-container elementor-column-gap-default\">\n\t\t\t\t\t<div class=\"elementor-column elementor-col-100 elementor-top-column elementor-element elementor-element-6690038\" data-id=\"6690038\" data-element_type=\"column\" data-e-type=\"column\">\n\t\t\t<div class=\"elementor-widget-wrap elementor-element-populated\">\n\t\t\t\t\t\t<div class=\"elementor-element elementor-element-275a663 elementor-arrows-position-inside elementor-pagination-position-outside elementor-widget elementor-widget-image-carousel\" data-id=\"275a663\" data-element_type=\"widget\" data-e-type=\"widget\" data-settings=\"{&quot;navigation&quot;:&quot;both&quot;,&quot;autoplay&quot;:&quot;yes&quot;,&quot;pause_on_hover&quot;:&quot;yes&quot;,&quot;pause_on_interaction&quot;:&quot;yes&quot;,&quot;autoplay_speed&quot;:5000,&quot;infinite&quot;:&quot;yes&quot;,&quot;speed&quot;:500}\" data-widget_type=\"image-carousel.default\">\n\t\t\t\t<div class=\"elementor-widget-container\">\n\t\t\t\t\t\t\t<div class=\"elementor-image-carousel-wrapper swiper\" role=\"region\" aria-roledescription=\"carousel\" aria-label=\"Image Carousel\" dir=\"ltr\">\n\t\t\t<div class=\"elementor-image-carousel swiper-wrapper\" aria-live=\"off\">\n\t\t\t\t\t\t\t\t<div class=\"swiper-slide\" role=\"group\" aria-roledescription=\"slide\" aria-label=\"1 de 5\"><figure class=\"swiper-slide-inner\"><img decoding=\"async\" class=\"swiper-slide-image\" src=\"https:\/\/ntservicios.com\/raices\/wp-content\/uploads\/2025\/04\/Director-General-de-PEMEX-600x540.jpg\" alt=\"Director General de PEMEX\" \/><\/figure><\/div><div class=\"swiper-slide\" role=\"group\" aria-roledescription=\"slide\" aria-label=\"2 de 5\"><figure class=\"swiper-slide-inner\"><img decoding=\"async\" class=\"swiper-slide-image\" src=\"https:\/\/ntservicios.com\/raices\/wp-content\/uploads\/2025\/04\/Fundacion-Checo-Perez-600x540.jpg\" alt=\"Fundaci\u00f3n Checo Perez\" \/><\/figure><\/div><div class=\"swiper-slide\" role=\"group\" aria-roledescription=\"slide\" aria-label=\"3 de 5\"><figure class=\"swiper-slide-inner\"><img decoding=\"async\" class=\"swiper-slide-image\" src=\"https:\/\/ntservicios.com\/raices\/wp-content\/uploads\/2025\/04\/Ministra-Loretta-600x540.jpg\" alt=\"Screenshot\" \/><\/figure><\/div><div class=\"swiper-slide\" role=\"group\" aria-roledescription=\"slide\" aria-label=\"4 de 5\"><figure class=\"swiper-slide-inner\"><img decoding=\"async\" class=\"swiper-slide-image\" src=\"https:\/\/ntservicios.com\/raices\/wp-content\/uploads\/2025\/04\/Miss-Universe-600x540.jpg\" alt=\"Screenshot\" \/><\/figure><\/div><div class=\"swiper-slide\" role=\"group\" aria-roledescription=\"slide\" aria-label=\"5 de 5\"><figure class=\"swiper-slide-inner\"><img decoding=\"async\" class=\"swiper-slide-image\" src=\"https:\/\/ntservicios.com\/raices\/wp-content\/uploads\/2025\/04\/Senador-Yucatan-600x540.jpg\" alt=\"Senador Yucat\u00e1n\" \/><\/figure><\/div>\t\t\t<\/div>\n\t\t\t\t\t\t\t\t\t\t\t\t<div class=\"elementor-swiper-button elementor-swiper-button-prev\" role=\"button\" tabindex=\"0\">\n\t\t\t\t\t\t<i aria-hidden=\"true\" class=\"eicon-chevron-left\"><\/i>\t\t\t\t\t<\/div>\n\t\t\t\t\t<div class=\"elementor-swiper-button elementor-swiper-button-next\" role=\"button\" tabindex=\"0\">\n\t\t\t\t\t\t<i aria-hidden=\"true\" class=\"eicon-chevron-right\"><\/i>\t\t\t\t\t<\/div>\n\t\t\t\t\n\t\t\t\t\t\t\t\t\t<div class=\"swiper-pagination\"><\/div>\n\t\t\t\t\t\t\t\t\t<\/div>\n\t\t\t\t\t\t<\/div>\n\t\t\t\t<\/div>\n\t\t\t\t\t<\/div>\n\t\t<\/div>\n\t\t\t\t\t<\/div>\n\t\t<\/section>\n\t\t\t\t<\/div>\n\t\t","protected":false},"excerpt":{"rendered":"<p>Tu ayuda transforma vidas Con tu donaci\u00f3n, llevamos esperanza donde m\u00e1s se necesita. Tu donaci\u00f3n es m\u00e1s que un aporte econ\u00f3mico: es un acto de amor que cambia vidas. Cada [&hellip;]<\/p>\n","protected":false},"author":2,"featured_media":0,"parent":0,"menu_order":0,"comment_status":"closed","ping_status":"closed","template":"","meta":{"give_campaign_id":0,"footnotes":""},"class_list":["post-1284","page","type-page","status-publish","hentry"],"campaignId":"","_links":{"self":[{"href":"https:\/\/ntservicios.com\/raices\/index.php\/wp-json\/wp\/v2\/pages\/1284","targetHints":{"allow":["GET"]}}],"collection":[{"href":"https:\/\/ntservicios.com\/raices\/index.php\/wp-json\/wp\/v2\/pages"}],"about":[{"href":"https:\/\/ntservicios.com\/raices\/index.php\/wp-json\/wp\/v2\/types\/page"}],"author":[{"embeddable":true,"href":"https:\/\/ntservicios.com\/raices\/index.php\/wp-json\/wp\/v2\/users\/2"}],"replies":[{"embeddable":true,"href":"https:\/\/ntservicios.com\/raices\/index.php\/wp-json\/wp\/v2\/comments?post=1284"}],"version-history":[{"count":7,"href":"https:\/\/ntservicios.com\/raices\/index.php\/wp-json\/wp\/v2\/pages\/1284\/revisions"}],"predecessor-version":[{"id":1856,"href":"https:\/\/ntservicios.com\/raices\/index.php\/wp-json\/wp\/v2\/pages\/1284\/revisions\/1856"}],"wp:attachment":[{"href":"https:\/\/ntservicios.com\/raices\/index.php\/wp-json\/wp\/v2\/media?parent=1284"}],"curies":[{"name":"wp","href":"https:\/\/api.w.org\/{rel}","templated":true}]}}